{"id":1391,"date":"2024-10-09T00:05:13","date_gmt":"2024-10-09T06:05:13","guid":{"rendered":"https:\/\/recreaacademy.jalisco.gob.mx\/2024\/ponente\/sarait-chavez-salcedo\/"},"modified":"2024-10-09T00:05:13","modified_gmt":"2024-10-09T06:05:13","slug":"sarait-chavez-salcedo","status":"publish","type":"ponente","link":"https:\/\/recreaacademy.jalisco.gob.mx\/2024\/ponente\/sarait-chavez-salcedo\/","title":{"rendered":"Sarait Ch\u00e1vez Salcedo"},"featured_media":1168,"menu_order":999,"template":"","pais":[8],"idioma":[6],"class_list":["post-1391","ponente","type-ponente","status-publish","has-post-thumbnail","hentry","pais-mexico","idioma-espanol"],"cmb2":{"ra24_ponente_info":{"ra24_ponente_titulo":"Docente a nivel Secundaria","ra24_ponente_biografia":"Esta docente naci\u00f3 en de G\u00f3mez Far\u00edas Jalisco, un pueblo llamado tambi\u00e9n como San Sebasti\u00e1n del Sur, estudi\u00f3 en el Cusur de la UdG Lic. en Psicolog\u00eda y Lic. en Letras Hisp\u00e1nicas, tuvo como maestros al Dr. y escritor guzmanense Vicente Preciado Zacar\u00edas y el Mtro.Ram\u00f3n Olmedo y la Mtra. Alma Rosa Salcedo de los cuales conoci\u00f3 la literatura y el teatro y la poes\u00eda , ha ganado \"los juegos florales\" de Cd. Guzm\u00e1n en 2005 llamados \"Sra. Margarita Mendoza Palomar\" dentro del marco de las Ferias de octubre en Zapotl\u00e1n. En el 2023 fue seleccionada para publicaci\u00f3n de material pedag\u00f3gico en concurso de Producciones did\u00e1cticas RECREA. SEJ. 2023 Menci\u00f3n honor\u00edfica concurso SEJ en poes\u00eda POR LA PAZ 2023 Ganadora de ECOTOP\u00cdA 2023 Concurso de poes\u00eda SEJ 2023 .Ganadora de ECOTOP\u00cdA 2023 Concurso de dibujo SEJ 2024 Ganadora \u201cEscritura violeta\u201d de RECREA en CUENTO 2024 y seleccionada para el libro MEMORIAS LECTORAS que contiene una recopilaci\u00f3n de docentes que cuentan como naci\u00f3 su amor por la lectura. Lo m\u00e1s importante es que lleva dos a\u00f1os trabajando en su Secundaria 18 de Cd. Granja en las convocatorias de RECREA, donde hay dos ganadoras y una menci\u00f3n honor\u00edfica de alumnas egresadas de su clase.","ra24_ponente_destacado":"","ra24_ponente_email":"","ra24_ponente_website":"","ra24_ponente_linkedin":"","ra24_ponente_facebook":"","ra24_ponente_instagram":"","ra24_ponente_youtube":"","ra24_ponente_tiktok":"","ra24_ponente_twitter":"","ra24_ponente_conferencias":""}},"_links":{"self":[{"href":"https:\/\/recreaacademy.jalisco.gob.mx\/2024\/wp-json\/wp\/v2\/ponente\/1391"}],"collection":[{"href":"https:\/\/recreaacademy.jalisco.gob.mx\/2024\/wp-json\/wp\/v2\/ponente"}],"about":[{"href":"https:\/\/recreaacademy.jalisco.gob.mx\/2024\/wp-json\/wp\/v2\/types\/ponente"}],"version-history":[{"count":0,"href":"https:\/\/recreaacademy.jalisco.gob.mx\/2024\/wp-json\/wp\/v2\/ponente\/1391\/revisions"}],"wp:featuredmedia":[{"embeddable":true,"href":"https:\/\/recreaacademy.jalisco.gob.mx\/2024\/wp-json\/wp\/v2\/media\/1168"}],"wp:attachment":[{"href":"https:\/\/recreaacademy.jalisco.gob.mx\/2024\/wp-json\/wp\/v2\/media?parent=1391"}],"wp:term":[{"taxonomy":"pais","embeddable":true,"href":"https:\/\/recreaacademy.jalisco.gob.mx\/2024\/wp-json\/wp\/v2\/pais?post=1391"},{"taxonomy":"idioma","embeddable":true,"href":"https:\/\/recreaacademy.jalisco.gob.mx\/2024\/wp-json\/wp\/v2\/idioma?post=1391"}],"curies":[{"name":"wp","href":"https:\/\/api.w.org\/{rel}","templated":true}]}}

Sarait Chávez Salcedo

Esta docente nació en de Gómez Farías Jalisco, un pueblo llamado también como San Sebastián del Sur, estudió en el Cusur de la UdG Lic. en Psicología y Lic. en Letras Hispánicas, tuvo como maestros al Dr. y escritor guzmanense Vicente Preciado Zacarías y el Mtro.Ramón Olmedo y la Mtra. Alma Rosa Salcedo de los cuales conoció la literatura y el teatro y la poesía , ha ganado "los juegos florales" de Cd. Guzmán en 2005 llamados "Sra. Margarita Mendoza Palomar" dentro del marco de las Ferias de octubre en Zapotlán. En el 2023 fue seleccionada para publicación de material pedagógico en concurso de Producciones didácticas RECREA. SEJ. 2023 Mención honorífica concurso SEJ en poesía POR LA PAZ 2023 Ganadora de ECOTOPÍA 2023 Concurso de poesía SEJ 2023 .Ganadora de ECOTOPÍA 2023 Concurso de dibujo SEJ 2024 Ganadora “Escritura violeta” de RECREA en CUENTO 2024 y seleccionada para el libro MEMORIAS LECTORAS que contiene una recopilación de docentes que cuentan como nació su amor por la lectura. Lo más importante es que lleva dos años trabajando en su Secundaria 18 de Cd. Granja en las convocatorias de RECREA, donde hay dos ganadoras y una mención honorífica de alumnas egresadas de su clase.
