{"id":1403,"date":"2024-10-09T00:05:15","date_gmt":"2024-10-09T06:05:15","guid":{"rendered":"https:\/\/recreaacademy.jalisco.gob.mx\/2024\/ponente\/vanessa-de-la-mora\/"},"modified":"2024-10-09T00:05:15","modified_gmt":"2024-10-09T06:05:15","slug":"vanessa-de-la-mora","status":"publish","type":"ponente","link":"https:\/\/recreaacademy.jalisco.gob.mx\/2024\/ponente\/vanessa-de-la-mora\/","title":{"rendered":"Vanessa de la Mora"},"featured_media":1160,"menu_order":999,"template":"","pais":[8],"idioma":[6],"class_list":["post-1403","ponente","type-ponente","status-publish","has-post-thumbnail","hentry","pais-mexico","idioma-espanol"],"cmb2":{"ra24_ponente_info":{"ra24_ponente_titulo":"Docente a nivel secundaria","ra24_ponente_biografia":"Licenciada en psicolog\u00eda egresada del centro universitario de los Altos, profesional de la educaci\u00f3n con 5 a\u00f1os de servicio, actualmente se desempe\u00f1a como docente en nivel secundaria, \u00e1rea en la que se destaca por su entrega, pasi\u00f3n y dedicaci\u00f3n, con una maestr\u00eda en Bioenerg\u00eda y desarrollo humano, su esp\u00edritu de servicio y empat\u00eda le ha permitido ejercer en el \u00e1mbito de la salud mental y socioemocional con adolescentes y j\u00f3venes adultos desde hace 3 a\u00f1os.","ra24_ponente_destacado":"","ra24_ponente_email":"","ra24_ponente_website":"","ra24_ponente_linkedin":"","ra24_ponente_facebook":"","ra24_ponente_instagram":"","ra24_ponente_youtube":"","ra24_ponente_tiktok":"","ra24_ponente_twitter":"","ra24_ponente_conferencias":[1503,1540]}},"_links":{"self":[{"href":"https:\/\/recreaacademy.jalisco.gob.mx\/2024\/wp-json\/wp\/v2\/ponente\/1403"}],"collection":[{"href":"https:\/\/recreaacademy.jalisco.gob.mx\/2024\/wp-json\/wp\/v2\/ponente"}],"about":[{"href":"https:\/\/recreaacademy.jalisco.gob.mx\/2024\/wp-json\/wp\/v2\/types\/ponente"}],"version-history":[{"count":0,"href":"https:\/\/recreaacademy.jalisco.gob.mx\/2024\/wp-json\/wp\/v2\/ponente\/1403\/revisions"}],"wp:featuredmedia":[{"embeddable":true,"href":"https:\/\/recreaacademy.jalisco.gob.mx\/2024\/wp-json\/wp\/v2\/media\/1160"}],"wp:attachment":[{"href":"https:\/\/recreaacademy.jalisco.gob.mx\/2024\/wp-json\/wp\/v2\/media?parent=1403"}],"wp:term":[{"taxonomy":"pais","embeddable":true,"href":"https:\/\/recreaacademy.jalisco.gob.mx\/2024\/wp-json\/wp\/v2\/pais?post=1403"},{"taxonomy":"idioma","embeddable":true,"href":"https:\/\/recreaacademy.jalisco.gob.mx\/2024\/wp-json\/wp\/v2\/idioma?post=1403"}],"curies":[{"name":"wp","href":"https:\/\/api.w.org\/{rel}","templated":true}]}}

Licenciada en psicología egresada del centro universitario de los Altos, profesional de la educación con 5 años de servicio, actualmente se desempeña como docente en nivel secundaria, área en la que se destaca por su entrega, pasión y dedicación, con una maestría en Bioenergía y desarrollo humano, su espíritu de servicio y empatía le ha permitido ejercer en el ámbito de la salud mental y socioemocional con adolescentes y jóvenes adultos desde hace 3 años.
